 by 69.
36
What is the remainder when 867 is divided by 231?
174
What is the remainder when 1826 is divided by 9?
8
Calculate the remainder when 389 is divided by 56.
53
Calculate the remainder when 8562 is divided by 252.
246
Calculate the remainder when 653 is divided by 9.
5
Calculate the remainder when 59 is divided by 19.
2
Calculate the remainder when 178 is divided by 12.
10
Calculate the remainder when 684 is divided by 337.
10
What is the remainder when 54 is divided by 1?
0
Calculate the remainder when 408 is divided by 141.
126
Calculate the remainder when 184 is divided by 95.
89
Calculate the remainder when 345 is divided by 87.
84
What is the remainder when 1553 is divided by 42?
41
What is the remainder when 897 is divided by 41?
36
What is the remainder when 2971 is divided by 593?
6
What is the remainder when 4053 is divided by 13?
10
What is the remainder when 1268 is divided by 53?
49
What is the remainder when 417 is divided by 212?
205
Calculate the remainder when 4817 is divided by 283.
6
Calculate the remainder when 556 is divided by 261.
34
Calculate the remainder when 519 is divided by 137.
108
Calculate the remainder when 146 is divided by 73.
0
What is the remainder when 470 is divided by 118?
116
Calculate the remainder when 200 is divided by 122.
78
What is the remainder when 169 is divided by 117?
52
Calculate the remainder when 81 is divided by 27.
0
Calculate the remainder when 3612 is divided by 16.
12
What is the remainder when 94 is divided by 8?
6
Calculate the remainder when 139 is divided by 63.
13
Calculate the remainder when 1237 is divided by 62.
59
What is the remainder when 817 is divided by 139?
122
What is the remainder when 20 is divided by 4?
0
Calculate the remainder when 58 is divided by 31.
27
Calculate the remainder when 726 is divided by 27.
24
Calculate the remainder when 66 is divided by 43.
23
What is the remainder when 147 is divided by 11?
4
What is the remainder when 7013 is divided by 167?
166
What is the remainder when 259 is divided by 25?
9
What is the remainder when 31773 is divided by 205?
203
Calculate the remainder when 606 is divided by 131.
82
What is the remainder when 203 is divided by 27?
14
What is the remainder when 90 is divided by 31?
28
Calculate the remainder when 709 is divided by 199.
112
Calculate the remainder when 1796 is divided by 21.
11
Calculate the remainder when 5597 is divided by 180.
17
What is the remainder when 442 is divided by 111?
109
Calculate the remainder when 124 is divided by 35.
19
Calculate the remainder when 587 is divided by 153.
128
What is the remainder when 1031 is divided by 45?
41
Calculate the remainder when 732 is divided by 67.
62
Calculate the remainder when 4162 is divided by 591.
25
Calculate the remainder when 9542 is divided by 86.
82
What is the remainder when 18715 is divided by 191?
188
Calculate the remainder when 58 is divided by 39.
19
What is the remainder when 1749 is divided by 433?
17
What is the remainder when 164 is divided by 49?
17
What is the remainder when 3266 is divided by 815?
6
What is the remainder when 275 is divided by 92?
91
What is the remainder when 606 is divided by 190?
36
Calculate the remainder when 1918 is divided by 19.
18
What is the remainder when 136 is divided by 8?
0
What is the remainder when 79 is divided by 70?
9
What is the remainder when 957 is divided by 16?
13
Calculate the remainder when 77 is divided by 10.
7
What is the remainder when 64 is divided by 36?
28
What is the remainder when 125 is divided by 28?
13
Calculate the remainder when 1231 is divided by 11.
10
Calculate the remainder when 6492 is divided by 34.
32
Calculate the remainder when 285 is divided by 23.
9
What is the remainder when 35241 is divided by 99?
96
What is the remainder when 92 is divided by 33?
26
What is the remainder when 1139 is divided by 257?
111
Calculate the remainder when 711 is divided by 70.
11
Calculate the remainder when 187 is divided by 44.
11
What is the remainder when 824 is divided by 408?
8
What is the remainder when 87 is divided by 33?
21
Calculate the remainder when 644 is divided by 165.
149
What is the remainder when 15 is divided by 6?
3
Calculate the remainder when 1110 is divided by 7.
4
Calculate the remainder when 133 is divided by 10.
3
What is the remainder when 116 is divided by 100?
16
What is the remainder when 315 is divided by 55?
40
Calculate the remainder when 558 is divided by 118.
86
Calculate the remainder when 51 is divided by 17.
0
Calculate the remainder when 5874 is divided by 55.
44
What is the remainder when 1604 is divided by 10?
4
What is the remainder when 429 is divided by 116?
81
What is the remainder when 57 is divided by 7?
1
Calculate the remainder when 163 is divided by 2.
1
Calculate the remainder when 641 is divided by 22.
3
What is the remainder when 1310 is divided by 23?
22
Calculate the remainder when 60 is divided by 9.
6
Calculate the remainder when 75 is divided by 47.
28
What is the remainder when 1270 is divided by 98?
94
What is the remainder when 99 is divided by 10?
9
Calculate the remainder when 317 is divided by 107.
103
What is the remainder when 232 is divided by 127?
105
What is the remainder when 188 is divided by 20?
8
What is the remainder when 457 is divided by 14?
9
What is the remainder when 148 is divided by 55?
38
Calculate the remainder when 56 is divided by 21.
14
What is the remainder when 104 is divided by 39?
26
Calculate the remainder when 165 is divided by 55.
0
Calculate the remainder when 669 is divided by 84.
81
What is the remainder when 161 is divided by 41?
38
What is the remainder when 2274 is divided by 79?
62
What is the remainder when 65 is divided by 31?
3
What is the remainder when 62 is divided by 33?
29
What is the remainder when 361 is divided by 14?
11
Calculate the remainder when 345 is divided by 70.
65
What is the remainder when 2974 is divided by 19?
10
Calculate the remainder when 357 is divided by 45.
42
What is the remainder when 851 is divided by 12?
11
Calculate the remainder when 376 is divided by 19.
15
Calculate the remainder when 224 is divided by 46.
40
What is the remainder when 96 is divided by 18?
6
What is the remainder when 1448 is divided by 58?
56
What is the remainder when 1778 is divided by 442?
10
What is the remainder when 3638 is divided by 81?
74
Calculate the remainder when 489 is divided by 10.
9
What is the remainder when 75 is divided by 39?
36
What is the remainder when 628 is divided by 312?
4
What is the remainder when 7097 is divided by 3541?
15
Calculate the remainder when 757 is divided by 703.
54
What is the remainder when 92 is divided by 43?
6
What is the remainder when 34 is divided by 27?
7
What is the remainder when 340 is divided by 38?
36
What is the remainder when 213 is divided by 99?
15
Calculate the remainder when 589 is divided by 168.
85
Calculate the remainder when 190 is divided by 59.
13
What is the remainder when 937 is divided by 137?
115
What is the remainder when 81 is divided by 61?
20
What is the remainder when 122 is divided by 27?
14
What is the remainder when 225 is divided by 46?
41
Calculate the remainder when 239 is divided by 22.
19
What is the remainder when 1066 is divided by 5?
1
What is the remainder when 13798 is divided by 184?
182
What is the remainder when 162 is divided by 108?
54
What is the remainder when 456 is divided by 46?
42
What is the remainder when 7915 is divided by 15?
10
What is the remainder when 669 is divided by 7?
4
What is the remainder when 393 is divided by 98?
1
What is the remainder when 305 is divided by 6?
5
What is the remainder when 223 is divided by 64?
31
What is the remainder when 11576 is divided by 399?
5
What is the remainder when 746 is divided by 343?
60
Calculate the remainder when 40 is divided by 14.
12
What is the remainder when 788 is divided by 135?
113
What is the remainder when 588 is divided by 86?
72
What is the remainder when 293 is divided by 13?
7
Calculate the remainder when 77 is divided by 24.
5
What is the remainder when 1873 is divided by 49?
11
Calculate the remainder when 415 is divided by 138.
1
Calculate the remainder when 158 is divided by 33.
26
Calculate the remainder